{"id":119,"date":"2022-06-15T03:22:04","date_gmt":"2022-06-15T03:22:04","guid":{"rendered":"https:\/\/vesinhthanglong.com\/index.php\/page\/"},"modified":"2024-12-31T09:59:32","modified_gmt":"2024-12-31T09:59:32","slug":"page","status":"publish","type":"page","link":"https:\/\/xanhhanoi.com.vn\/index.php\/page\/","title":{"rendered":"Gi\u1edbi thi\u1ec7u"},"content":{"rendered":"<p><strong>C<\/strong><strong>\u00f4ng ty TNHH D\u1ecbch V\u1ee5 Xanh H\u00e0 N\u1ed9i, ti\u1ec1n th\u00e2n l\u00e0 C\u00f4ng Ty C\u1ed5 ph\u1ea7n Th\u01b0\u01a1ng m\u1ea1i v\u00e0 D\u1ecbch v\u1ee5 v\u1ec7 sinh c\u00f4ng nghi\u1ec7p Th\u0103ng Long<\/strong> ch\u00fang t\u00f4i ho\u1ea1t \u0111\u1ed9ng k\u1ec3 t\u1eeb th\u00e1ng 5 n\u0103m 2013.<\/p>\n<p>Ng\u00e0nh ngh\u1ec1 kinh doanh ch\u00ednh c\u1ee7a c\u00f4ng ty ch\u00fang t\u00f4i bao g\u1ed3m:<\/p>\n<ul>\n<li><strong><span style=\"font-size: revert; color: initial;\">V\u1ec7 sinh chung nh\u00e0 c\u1eeda v\u00e0 c\u00e1c c\u00f4ng tr\u00ecnh kh\u00e1c<\/span><\/strong><\/li>\n<li><strong>D\u1ecbch v\u1ee5 v\u1ec7 sinh c\u00f4ng nghi\u1ec7p<\/strong><\/li>\n<li><strong>D\u1ecbch v\u1ee5 tr\u1ed3ng, ch\u0103m s\u00f3c, c\u1eaft t\u1ec9a c\u00e1c lo\u1ea1i hoa c\u00e2y xanh, c\u00e2y c\u1ea3nh<\/strong><\/li>\n<li><strong>D\u1ecbch v\u1ee5 ch\u0103m s\u00f3c v\u00e0 duy tr\u00ec c\u1ea3nh quan<\/strong><\/li>\n<li><strong>D\u1ecbch v\u1ee5 phun kh\u1eed khu\u1ea9n<\/strong><\/li>\n<li><strong>Thu gom v\u00e0 x\u1eed l\u00fd r\u00e1c th\u1ea3i<\/strong><\/li>\n<li><strong>D\u1ecbch v\u1ee5 gi\u1eb7t th\u1ea3m, gi\u1eb7t gh\u1ebf v\u0103n ph\u00f2ng<\/strong><\/li>\n<li><strong>Cho thu\u00ea, b\u00e1n bu\u00f4n m\u00e1y m\u00f3c thi\u1ebft b\u1ecb v\u1ec7 sinh c\u00f4ng nghi\u1ec7p<\/strong><\/li>\n<li><strong>B\u00e1n bu\u00f4n c\u00e1c lo\u1ea1i h\u00f3a ch\u1ea5t ph\u1ee5c v\u1ee5 cho v\u1ec7 sinh c\u00f4ng nghi\u1ec7p<\/strong><\/li>\n<li><strong>S\u1eeda ch\u1eefa m\u00e1y m\u00f3c, thi\u1ebft b\u1ecb c\u00e1c lo\u1ea1i<\/strong><\/li>\n<\/ul>\n<p>C\u00f4ng ty TNHH D\u1ecbch V\u1ee5 Xanh H\u00e0 N\u1ed9i cam k\u1ebft nh\u1eefng m\u1ee5c ti\u00eau ch\u1ea5t l\u01b0\u1ee3ng mang t\u1edbi qu\u00fd kh\u00e1ch h\u00e0ng nh\u01b0 sau:<\/p>\n<ol>\n<li>Lu\u00f4n l\u1eafng nghe v\u00e0 th\u1ea5u hi\u1ec3u y\u00eau c\u1ea7u v\u00e0 nguy\u1ec7n v\u1ecdng c\u1ee7a kh\u00e1ch h\u00e0ng.<\/li>\n<li>Th\u1ecfa m\u00e3n \u1edf m\u1ee9c \u0111\u1ed9 cao nh\u1ea5t v\u1edbi nh\u1eefng y\u00eau c\u1ea7u c\u1ee7a kh\u00e1ch h\u00e0ng: Ti\u1ebfp nh\u1eadn, x\u00e1c \u0111\u1ecbnh r\u00f5 y\u00eau c\u1ea7u c\u1ee7a kh\u00e1ch h\u00e0ng, xem x\u00e9t kh\u1ea3 n\u0103ng th\u1ef1c hi\u1ec7n v\u00e0 tri\u1ec3n khai th\u1ef1c hi\u1ec7n cung c\u1ea5p d\u1ecbch v\u1ee5 v\u1edbi ch\u1ea5t l\u01b0\u1ee3ng t\u1ed1t nh\u1ea5t trong t\u1ea5t c\u1ea3 c\u00e1c lo\u1ea1i h\u00ecnh d\u1ecbch v\u1ee5.<\/li>\n<li>Li\u00ean t\u1ee5c c\u1ea3i ti\u1ebfn ch\u1ea5t l\u01b0\u1ee3ng: \u0111\u1ecbnh k\u1ef3 t\u1ed5 ch\u1ee9c \u0111\u00e1nh gi\u00e1 n\u1ed9i b\u1ed9, theo d\u00f5i v\u00e0 th\u0103m d\u00f2 \u00fd ki\u1ebfn kh\u00e1ch h\u00e0ng, xem x\u00e9t \u00fd ki\u1ebfn \u0111\u00f3ng g\u00f3p v\u00e0 \u0111\u1ec1 xu\u1ea5t c\u1ee7a c\u00e1c C\u00e1n b\u1ed9, c\u00f4ng nh\u00e2n vi\u00ean trong C\u00f4ng ty, ph\u00e2n t\u00edch th\u1ed1ng k\u00ea \u0111\u1ec1 ra c\u00e1c bi\u1ec7n ph\u00e1p kh\u1eafc ph\u1ee5c, ph\u00f2ng ng\u1eeba c\u1ea3i ti\u1ebfn th\u00edch h\u1ee3p.<\/li>\n<li>C\u00f4ng ty lu\u00f4n \u0111\u1ea3m b\u1ea3o cung c\u1ea5p ngu\u1ed3n nh\u00e2n l\u1ef1c, trang thi\u1ebft b\u1ecb \u0111\u1ea7y \u0111\u1ee7 t\u1ed1t nh\u1ea5t \u0111\u1ec3 \u0111\u00e1p \u1ee9ng m\u1ee5c ti\u00eau ch\u1ea5t l\u01b0\u1ee3ng v\u00e0 th\u1ecfa m\u00e3n y\u00eau c\u1ea7u c\u1ee7a kh\u00e1ch h\u00e0ng<\/li>\n<li>Cung c\u1ea5p cho kh\u00e1ch h\u00e0ng c\u00e1c d\u1ecbch v\u1ee5 c\u00f3 ch\u1ea5t l\u01b0\u1ee3ng cao, \u0111em \u0111\u1ebfn cho kh\u00e1ch h\u00e0ng s\u1ef1 tin t\u01b0\u1edfng v\u00e0 th\u1ecfa m\u00e3n nh\u1ea5t.<\/li>\n<\/ol>\n","protected":false},"excerpt":{"rendered":"<p>C\u00f4ng ty TNHH D\u1ecbch V\u1ee5 Xanh H\u00e0 N\u1ed9i, ti\u1ec1n th\u00e2n l\u00e0 C\u00f4ng Ty C\u1ed5 ph\u1ea7n Th\u01b0\u01a1ng m\u1ea1i v\u00e0 D\u1ecbch v\u1ee5 v\u1ec7 sinh c\u00f4ng nghi\u1ec7p Th\u0103ng Long ch\u00fang t\u00f4i ho\u1ea1t \u0111\u1ed9ng k\u1ec3 t\u1eeb th\u00e1ng 5 n\u0103m 2013. Ng\u00e0nh ngh\u1ec1 kinh doanh ch\u00ednh c\u1ee7a c\u00f4ng ty ch\u00fang t\u00f4i bao g\u1ed3m: V\u1ec7 sinh chung nh\u00e0 c\u1eeda v\u00e0 c\u00e1c [&hellip;]<\/p>\n","protected":false},"author":1,"featured_media":0,"parent":0,"menu_order":0,"comment_status":"closed","ping_status":"closed","template":"","meta":{"footnotes":""},"class_list":["post-119","page","type-page","status-publish","hentry"],"_links":{"self":[{"href":"https:\/\/xanhhanoi.com.vn\/index.php\/wp-json\/wp\/v2\/pages\/119","targetHints":{"allow":["GET"]}}],"collection":[{"href":"https:\/\/xanhhanoi.com.vn\/index.php\/wp-json\/wp\/v2\/pages"}],"about":[{"href":"https:\/\/xanhhanoi.com.vn\/index.php\/wp-json\/wp\/v2\/types\/page"}],"author":[{"embeddable":true,"href":"https:\/\/xanhhanoi.com.vn\/index.php\/wp-json\/wp\/v2\/users\/1"}],"replies":[{"embeddable":true,"href":"https:\/\/xanhhanoi.com.vn\/index.php\/wp-json\/wp\/v2\/comments?post=119"}],"version-history":[{"count":3,"href":"https:\/\/xanhhanoi.com.vn\/index.php\/wp-json\/wp\/v2\/pages\/119\/revisions"}],"predecessor-version":[{"id":412,"href":"https:\/\/xanhhanoi.com.vn\/index.php\/wp-json\/wp\/v2\/pages\/119\/revisions\/412"}],"wp:attachment":[{"href":"https:\/\/xanhhanoi.com.vn\/index.php\/wp-json\/wp\/v2\/media?parent=119"}],"curies":[{"name":"wp","href":"https:\/\/api.w.org\/{rel}","templated":true}]}}